/(-20))/(-1). Suppose c = -4*d - o*c + 272, -4*d = -c - 288. What is the units digit of d?
1
Let j = 35 - 27. Suppose j*u - 12*u + 216 = 0. Suppose 6 + u = 4*r. What is the tens digit of r?
1
Suppose -16*o = -13*o + 189. Let r be 18/o - 768/7. What is the units digit of (-2)/(-10) - 3388/r?
1
What is the hundreds digit of 5/((-15)/1714)*(-66)/4?
4
Let k(z) = -z**3 + 30*z**2 + 94*z + 94. What is the thousands digit of k(-19)?
5
Suppose -14*u + 175364 - 4284 = 0. What is the units digit of u?
0
Suppose u + 0 = 4. Let b(i) = 36 - 18*i - 2*i - u*i. What is the tens digit of b(-7)?
0
Let b(y) = -y - 14. Let t be b(-16). Suppose v - 5*h - 14 = 0, t*v + 3*v = -2*h - 11. What is the tens digit of -2*(-9 - (-3 - v))?
1
Let z(m) = 101 + 57 + 2*m + 62 + 37 - 31. What is the units digit of z(13)?
2
Let z(k) = 3*k**2 + 1. Let y be z(3). Let c = -26 + y. Suppose 0 = 4*m + 4*w - 224, m - c*w = -w + 50. What is the units digit of m?
3
Suppose 22*c - 246633 = -20*c + 410499. What is the tens digit of c?
4
Let b = -214 - -61. Let u = b - -231. What is the tens digit of u?
7
Let y = 1506 - 426. Suppose -y = -5*l + 3665. What is the units digit of l?
9
Suppose -2*q + 1434 = 4*v - 1126, 3832 = 3*q + 2*v. Suppose -8*y + 4*y = -q. Let r = y - 70. What is the hundreds digit of r?
2
Let f(t) = t**3 + 126*t**2 - 228*t + 178. What is the hundreds digit of f(-127)?
0
Suppose b = 2*k + 2466, -4588 - 2807 = -3*b + 5*k. Suppose -1202 = q - 3*q - 5*j, -4*j - b = -4*q. What is the hundreds digit of q?
6
Let c = 245 + -44. Let q = 530 - c. What is the tens digit of q?
2
Let z(q) = 1420*q + 610. What is the hundreds digit of z(9)?
3
Suppose -5*p - 9935 = 3565. What is the tens digit of (p/(-9))/((-6)/(-4))?
0
Let l = -21632 + 33626. What is the hundreds digit of l?
9
Let o(f) = -f**3 - 19*f**2 - 23*f - 16. Let n be o(-18). Let i = 80 - n. What is the tens digit of (-78)/13*(-86)/i?
8
Let v(q) = -6*q**3 + q + 1. Let y be v(-1). Suppose c - 170 = y*c. What is the units digit of (64 - 0) + c/(-17)?
6
Let r(a) = -a**3 - a + 9. Let f be r(0). Suppose f*u = 8*u - 13. What is the tens digit of (u/(-3))/(0 - (-4)/12)?
1
Let z be (-1 - (-5)/1) + 54/(-27). Let r(k) = 23*k**2 - 4*k - 2. Let y be r(-11). What is the tens digit of 3*y/45 - z/6?
8
What is the hundreds digit of 6803 + (-24 - (-136)/8)?
7
Let y(t) = 9*t - 40. Let k(r) = -26*r**3 - 2*r - 2. Let w be k(-1). What is the units digit of y(w)?
4
Let c(i) = -2*i**2 - 53*i - 4. Suppose 12*l - 15*l - 25 = 2*w, 34 = -4*l - 3*w. What is the units digit of c(l)?
9
Let o be (18/21 + -2)/((-4)/28). Suppose 804 = o*u - 2*u. Let b = 337 - u. What is the units digit of b?
3
Let y(o) = -6*o**2 - 44*o - 18. Let c be y(-7). Let z(j) = -117*j + 54. What is the tens digit of z(c)?
2
Suppose -g + 4*u + 656 = g, 2*u = -2*g + 638. Suppose -g = -l - 5*w, -1750 = -5*l + 2*w + w. What is the units digit of l?
7
Let q = 29 + -33. Let g(w) = -w**3 + 8*w**2 + 4*w + 6. What is the tens digit of g(q)?
8
Let s(d) = -3*d - 35. Let n be s(-11). Let a be 1/(-1 - n)*(0 + -1). What is the tens digit of a*1/(-5) - 1688/(-10)?
6
Let g(k) = k**3 + 26*k**2 - 29*k + 91. Let u be g(-27). Suppose -u + 1790 = 5*r. What is the tens digit of r?
2
Let l = 17 - 9. Suppose -3*f - 14 = -4*m, l*f - 4*f = -5*m + 2. What is the units digit of (m + (-44)/8)*-20*1?
0
Suppose 0 = -45*m + 2549379 + 661416. What is the ten thousands digit of m?
7
Let k = 293 - -22099. What is the tens digit of k?
9
Let y(z) = -z**3 + 12*z**2 - 12*z + 14. Let p be y(11). Suppose -p*q + 2*m = -3578, 2*q = -3*m + 2182 + 212. What is the thousands digit of q?
1
Let d(k) = -k**3 - 19*k**2 - 19*k - 8. Let f be d(-18). What is the tens digit of 1083/12 - f/40?
9
Suppose 3*d + 193*g = 188*g + 116922, 4*d - 155826 = 5*g. What is the tens digit of d?
6
Let w = -11660 - -23185. What is the ten thousands digit of w?
1
Let o(r) = 2*r**3 - 8*r**2 - r - 8. Let g be o(8). Suppose -4*u + 468 = -g. What is the tens digit of u?
4
Suppose -19*f + 6907 + 4473 = -59794. What is the hundreds digit of f?
7
Suppose 151*h - 154*h = -57. What is the units digit of (0 - -263) + -14 + h?
8
Suppose -34627 = -r - 5*k, 280*r = 281*r + 3*k - 34629. What is the ten thousands digit of r?
3
Suppose -10*h - 162*h = -11584200. What is the units digit of h?
0
What is the units digit of (-547)/(-7111) + (-238470)/(-26)?
2
Suppose -y - 3*y = -5*v - 20, 20 = -4*y - 5*v. Suppose y*n - n = 1. What is the hundreds digit of 928/7 + (-9)/(-21) - n?
1
Suppose 0 = -19*w + 25 + 51. Suppose -w*n + 756 + 812 = 0. What is the tens digit of n?
9
Let h(x) = -x**3 - 12*x**2 - 13*x + 21. Let s be h(-10). Suppose 160 - 396 = -2*t. Let r = t + s. What is the tens digit of r?
6
Let o be (-2)/((-5)/(-15) + -1). Suppose -7*n = o*n + 180. What is the units digit of (n/(-4) + -3)/((-2)/(-164))?
3
Let b = -10 - -20. Suppose -b = 7*y - 31. What is the units digit of y?
3
Suppose u = m - 4*m + 21559, 4*m + 5*u = 28749. What is the thousands digit of m?
7
Suppose -145*g + 772695 + 3487985 = 0. What is the ten thousands digit of g?
2
Suppose 3*m - 2*l + 22 = 0, 29 - 4 = 5*l. Let a(c) = -c**3 - 4*c**2 - 2*c - 8. Let w be a(m). What is the units digit of (-36)/(-4) + -2 + w?
7
What is the units digit of 16780/(-12)*408/(-170)?
6
What is the tens digit of -43530*(18 - (-703)/(-38))?
6
Let m(w) be the second derivative of 19*w**4/3 - 2*w**3/3 + 4*w**2 - 81*w. What is the tens digit of m(2)?
0
Suppose -3*z - 383 = -2*p, 2*z - 6*z - 504 = -p. Let k be (z/45 - 3) + (-4)/18. What is the tens digit of k/8*240/(-12)?
1
Let n = -30983 - -36376. What is the thousands digit of n?
5
Let u(f) = -4*f**3 + 145*f**2 - 32*f - 535. What is the tens digit of u(35)?
7
Suppose -4*p + 15402 = 13*p. Let z = 1361 - p. What is the hundreds digit of z?
4
What is the tens digit of ((-588842)/(-210) - 4/(-30)) + (-5)/35?
0
Let i = 80 + -86. Let m be (5/(75/12))/(i/(-45)). Let v(d) = 2*d**3 - 8*d**2 + 7*d - 14. What is the tens digit of v(m)?
7
Suppose 3*w - 2*w = 235. Let g = w - 220. What is the units digit of g?
5
Let u be 8/(-12) - (320/12)/5. Let f be (46/(-6))/((-10)/30). Let i = f - u. What is the units digit of i?
9
Suppose 40*o + 3*a = 45*o - 16583, -2*a = -4*o + 13266. What is the thousands digit of o?
3
Suppose -48670 = 14*r - 139418. What is the tens digit of r?
8
Let o = -3 + 11. Let m = -5 + o. What is the tens digit of (-12)/(m/(-1)) + 106?
1
Let v(r) = r**3 - 10*r**2 - 8*r - 30. Let c = 20 - 9. What is the units digit of v(c)?
3
Let r = 105 + -140. What is the units digit of (3 + 4)*(-1590)/r?
8
Let f(d) = 154*d**2 - 66*d - 75. What is the thousands digit of f(22)?
3
Let r(s) = 2260*s - 7533. What is the hundreds digit of r(22)?
1
Let t(u) = -3*u - 51. Let s be t(-15). Let c be (s/2 - -1)*(-5)/2. Suppose 5*z - 171 = 3*m, c*z + 11*m - 195 = 6*m. What is the tens digit of z?
3
Let m(b) = 5*b + b - 3 - b**3 + 4 - 11*b**2. Suppose 0 = -8*d - 3*d - 132. What is the units digit of m(d)?
3
Let k(h) = 60*h**2 + 62*h**2 - 5*h**2 + 2*h + 187*h**2 + 3. What is the units digit of k(-1)?
5
What is the ten thousands digit of (1/(-2)*208622)/(-3) + 6/9?
3
Let a = 43 + -38. Suppose -12 = -a*p + 3. Suppose p*q + 7 = 16. What is the units digit of q?
3
Let l = 2009 + -944. What is the thousands digit of l?
1
Let c(x) = 21*x**2 + 53*x + 1030. What is the units digit of c(-25)?
0
Let c(k) = 154*k**2 - 47*k - 957. What is the hundreds digit of c(-18)?
7
Let s be (3/(-6))/(7/(-84)). Suppose -q + 2*a = -s, -4*q + 2*a - 4*a + 4 = 0. Suppose -l - 128 = -q*k, -k + l = 3*k - 260. What is the tens digit of k?
6
Suppose 5*t + 0*t = -3*g + 43351, 2*t + 3*g - 17353 = 0. What is the units digit of t?
6
Let g(z) = 7*z**2 - 6*z + 8. Let u be g(6). Let r = 2 + u. What is the tens digit of r?
2
Suppose -19*x - 3*y + 98886 = -14*x, -3*x + 2*y = -59343. What is the tens digit of x?
7
Suppose 10260 = 3*r + 4*z, 3168 = r + 2*z - 254. What is the units digit of r?
6
Suppose -9*o = -10*o + 2. Suppose -k + 775 = -2*v + v, -o*v = -4*k + 3090. What is the units digit of k?
0
Let q(x) = -x**3 + 4*x**2 + 5. Let y = 23 + -19. Let j be q(y). Suppose -4*u = -0*k + j*k - 245, -3*u = 0. What is the units digit of k?
9
Suppose -3*b - 29916 - 881 = -26*b. What is the units digit of b?
9
Let j = -149 - -1132. Let p = j + -550. What is